1 prime?
False
Is 1730353 prime?
True
Is 49756987 a composite number?
True
Is 25460017 prime?
False
Is 777977 a prime number?
True
Is 53145851 a prime number?
False
Is 218925823 a composite number?
False
Is 17453683 composite?
True
Is 70612853 a composite number?
False
Is 4147471 prime?
False
Is 17677051 a composite number?
True
Is 60706987 composite?
True
Is 11767117 a prime number?
False
Is 3449707 a composite number?
False
Is 732586069 prime?
False
Is 2995121 a composite number?
False
Is 19092709 a composite number?
True
Is 8081351 a prime number?
True
Is 148907113 prime?
True
Is 15781787 a prime number?
False
Is 5235257 prime?
False
Is 6084241 composite?
True
Is 6275699 a composite number?
False
Is 62993057 a prime number?
True
Is 53377111 composite?
True
Is 6573467 a prime number?
False
Is 53588365 composite?
True
Is 11030398 a composite number?
True
Is 35547949 prime?
False
Is 8992223 prime?
False
Is 21371509 prime?
True
Is 1472767 a prime number?
True
Is 2326391 prime?
False
Is 6628943 prime?
True
Is 3953237 a composite number?
True
Is 127442123 a prime number?
True
Is 208503023 a composite number?
True
Is 1338851 a prime number?
True
Is 2653319 a composite number?
False
Is 20315167 composite?
True
Is 19313506 composite?
True
Is 81133385 prime?
False
Is 32839097 a composite number?
False
Is 64046611 prime?
False
Is 5419783 a prime number?
True
Is 699619 composite?
True
Is 2310797 a prime number?
True
Is 311872837 prime?
False
Is 10764751 a prime number?
True
Is 43297967 composite?
True
Is 3247667 a prime number?
True
Is 1066847 prime?
True
Is 22145533 prime?
True
Is 2232241 composite?
True
Is 178679849 a prime number?
True
Is 732749 a composite number?
False
Is 59563787 a prime number?
True
Is 1527521 a composite number?
False
Is 1251591463 a prime number?
True
Is 27219389 a composite number?
False
Is 12513869 a prime number?
True
Is 749869 a composite number?
True
Is 5951947 a composite number?
False
Is 16809941 a composite number?
True
Is 149353727 composite?
True
Is 37647499 prime?
False
Is 3045563 a composite number?
False
Is 64304837 composite?
False
Is 1973945921 prime?
True
Is 16205853 prime?
False
Is 3057427 composite?
False
Is 50117159 composite?
True
Is 1842803 prime?
True
Is 657507 a prime number?
False
Is 63462703 prime?
True
Is 8412509 prime?
False
Is 2181538 composite?
True
Is 10934699 prime?
True
Is 6571673 a composite number?
True
Is 160526413 a composite number?
False
Is 5038937 composite?
True
Is 4291669 prime?
False
Is 682552063 a composite number?
False
Is 6159677 a prime number?
True
Is 868759 a prime number?
False
Is 22014893 prime?
True
Is 394401367 prime?
False
Is 4483199 a prime number?
False
Is 869369 a prime number?
True
Is 1781697 a prime number?
False
Is 124622611 a prime number?
True
Is 4589635 a prime number?
False
Is 17440681 composite?
True
Is 29462879 a composite number?
False
Is 10137197 prime?
False
Is 23454953 a composite number?
False
Is 9942133 composite?
False
Is 4137031 a composite number?
False
Is 17454707 a composite number?
False
Is 305373083 a composite number?
False
Is 10660417 a prime number?
True
Is 11270717 composite?
False
Is 1035722 composite?
True
Is 2888909 composite?
False
Is 54601319 prime?
True
Is 21632447 a prime number?
True
Is 97118279 a composite number?
False
Is 23061317 a prime number?
True
Is 3053987 a composite number?
False
Is 1355219 prime?
True
Is 131875571 composite?
False
Is 238759 prime?
True
Is 1442783 prime?
True
Is 128531387 composite?
False
Is 3965021 a composite number?
False
Is 5906389 prime?
False
Is 8041877 a prime number?
False
Is 16351627 prime?
True
Is 739179541 a composite number?
False
Is 1503881 a composite number?
False
Is 22961093 a composite number?
True
Is 15070807 a prime number?
False
Is 18041 a prime number?
True
Is 393250849 prime?
False
Is 241794283 prime?
True
Is 10721654 prime?
False
Is 93942055 a prime number?
False
Is 4860901 a prime number?
True
Is 2197483 prime?
False
Is 231157957 a composite number?
True
Is 36782939 a composite number?
True
Is 96537643 composite?
False
Is 177012097 prime?
True
Is 669123677 a composite number?
False
Is 116379667 prime?
True
Is 6044351 a prime number?
True
Is 10572139 prime?
True
Is 674647 a prime number?
True
Is 18516713 a composite number?
False
Is 6547315 composite?
True
Is 17314417 a prime number?
True
Is 28190419 a prime number?
True
Is 1255797869 a composite number?
False
Is 6176201 a prime number?
True
Is 34805083 a composite number?
True
Is 326838899 composite?
False
Is 1607699 prime?
True
Is 21978487 composite?
False
Is 8537153 a composite number?
False
Is 9998863 a composite number?
True
Is 154604819 prime?
False
Is 656471 a composite number?
False
Is 651759193 a composite number?
True
Is 5721659 a composite number?
False
Is 1548619 a composite number?
False
Is 8390771 a prime number?
True
Is 122456953 prime?
True
Is 39348577 a prime number?
True
Is 15733613 a prime number?
False
Is 86376613 prime?
True
Is 39282403 a composite number?
True
Is 43761563 a prime number?
True
Is 403877 a prime number?
True
Is 16628155 composite?
True
Is 40444753 composite?
False
Is 70186643 a composite number?
False
Is 6609773 a prime number?
False
Is 75006119 a composite number?
False
Is 4315418 prime?
False
Is 12146219 prime?
False
Is 2135119 a composite number?
True
Is 8428891 a composite number?
False
Is 870473 a prime number?
False
Is 2340077 prime?
False
Is 1478047 composite?
False
Is 10199177 a composite number?
False
Is 8759759 composite?
False
Is 144265481 composite?
True
Is 16005121 composite?
True
Is 2980623 a composite number?
True
Is 105358279 a prime number?
False
Is 67591061 prime?
True
Is 5540858 a prime number?
False
Is 73830061 composite?
False
Is 7149971 a prime number?
True
Is 463069 a prime number?
False
Is 69205819 a composite number?
False
Is 380399347 composite?
False
Is 216421 composite?
False
Is 1701967 a composite number?
False
Is 1406047 composite?
True
Is 50147 a composite number?
False
Is 3362627 composite?
False
Is 2462233 prime?
True
Is 372064919 a prime number?
True
Is 60489739 composite?
True
Is 267624146 composite?
True
Is 12915673 a prime number?
False
Is 331061 a prime number?
False
Is 310044659 a prime number?
True
Is 59064491 composite?
False
Is 273580807 a composite number?
False
Is 3431947 prime?
False
Is 62499693 composite?
True
Is 619435 a composite number?
True
Is 14795761 composite?
True
Is 391417 a prime number?
False
Is 17867555 a prime number?
False
Is 138433777 a composite number?
False
Is 113703991 a composite number?
False
Is 331934441 a prime number?
False
Is 176278013 a composite number?
True
Is 2829131 a composite number?
True
Is 18122843 a prime number?
True
Is 922673 composite?
True
Is 44275461 composite?
True
Is 930641 a composite number?
True
Is 20273699 prime?
True
Is 15759061 composite?
False
Is 1060889 a composite number?
True
Is 1160713 prime?
True
Is 238386611 a composite number?
False
Is 5292641 a composite number?
False
Is 17948989 a composite number?
True
Is 887533 composite?
False
Is 11404723 composite?
True
Is 22229111 a composite number?
False
Is 108349027 a composite number?
False
Is 385019143 prime?
True
Is 13648033 prime?
False
Is 2214101 composite?
False
Is 455453 prime?
False
Is 8175553 a prime number?
False
Is 570727 prime?
False
Is 3018277 a composite number?
False
Is 397484169 a prime number?
False
Is 666155909 composite?
False
Is 7660041 a prime number?
False
Is 148664801 a composite number?
True
Is 42393229 a composite number?
False
Is 318636173 composite?
True
Is 43952957 a composite number?
True
Is 25385279 a composite number?
True
Is 75872465 a composite number?
True
Is 23739722 composite?
True
Is 295862613 a prime number?
False
Is 2033159 prime?
True
Is 2321727 prime?
False
Is 9157535 a composite number?
True
Is 159357461 a composite number?
True
Is 9464711 prime?
False
Is 728186573 prime?
True
Is 465368047 a composite number?
True
Is 3368503 a prime number?
False
Is 689737 composite?
True
Is 269595467 prime?
False
Is 3203587 a prime number?
False
Is 3745331 a composite number?
False
Is 6389849 a composite number?
False
Is 230226631 prime?
False
Is 2737747 composite?
False
Is 188799031 composite?
False
Is 22200443 a composite numbe